 divided by 12?
9
Let a(q) = -6*q - 11. Suppose y + 3 = 0, -4*y + 3*y - 43 = 5*i. Suppose -2*h = -0*h - 2*v - 34, -v = -5*h + 69. What is the remainder when a(i) is divided by h?
11
Let q be 16/(-10) + 12/(-30). What is the remainder when q/(-3)*(-138)/(-4) is divided by 13?
10
Suppose -5*w = -6*w + 2. Calculate the remainder when 4 is divided by w.
0
Suppose -24 = w + 4*x, 5*x - 2*x = 3*w + 72. Let n = w - -43. Calculate the remainder when n is divided by 7.
5
Let d = 25 - 8. Calculate the remainder when d is divided by 4.
1
Let z = 1 + -38. Suppose 0 = -2*k - 4*d - 12 - 0, -d + 53 = -3*k. Let v = k - z. Calculate the remainder when 41 is divided by v.
20
What is the remainder when ((-16)/(-6) - 2)*33 is divided by 12?
10
Let g(t) = t**3 + 17*t**2 + 15*t - 13. Calculate the remainder when 8 is divided by g(-16).
2
Let p = -117 + 165. What is the remainder when p is divided by 17?
14
Suppose 8 = -5*g + 6*g. Let p(n) = -n**2 + 5*n - 4. Let q be p(4). Suppose q*z - 2*m = 3*z - 9, 9 = -3*m. Calculate the remainder when g is divided by z.
3
Suppose l + 7 = c, 5*c + 0*l - l = 43. Let i(z) = z**2 + 4*z - 1. Let p be i(-5). Calculate the remainder when -2*(-2)/p + c is divided by 6.
4
Suppose -4 = -h - 1. Suppose h*v - 42 - 24 = 0. Calculate the remainder when v is divided by 8.
6
Let k(u) = -u**3 + 6*u**2 - 6*u + 1. Let c be k(4). Let h = c + -6. Calculate the remainder when h is divided by 1.
0
Let n = 28 - 14. Suppose -11*r + 6*r = 0. Suppose -90 = -2*v - 4*w, r = v + 4*v - 5*w - 180. Calculate the remainder when v is divided by n.
11
Suppose -9 - 27 = -w. Let o = -22 + w. Suppose -b = g - o, 2*b = -0*b - 5*g + 22. What is the remainder when 46 is divided by b?
14
Suppose -n = 5*f - 6*n - 365, 0 = 5*f - 4*n - 360. Calculate the remainder when f is divided by 14.
12
Let k = -102 - -116. Calculate the remainder when 35 is divided by k.
7
Let z(o) = -o**2 + 10*o + 6. Suppose -15 = -3*v + 2*l - 5*l, -5*l - 45 = -2*v. What is the remainder when z(v) is divided by 4?
2
Suppose 2*c - 37 = 17. Let g = 41 - c. Suppose -2*l + 7*l = 130. Calculate the remainder when l is divided by g.
12
Let f(c) = c**2 + 2*c - 4. What is the remainder when f(-7) is divided by 11?
9
Suppose 0 = 30*b - 642 - 588. Calculate the remainder when b is divided by 0/(1*-1) + 14.
13
Let n(r) = -r**2 + 16*r + 36. Calculate the remainder when (70 - -3) + 0/(-2) is divided by n(17).
16
Suppose -3*r = -8*r + 10. Calculate the remainder when 7 is divided by r.
1
Let g = -36 - -48. What is the remainder when 22 is divided by g?
10
Let i(c) = 10*c**2 + 2*c - 4. Calculate the remainder when 58 is divided by i(-2).
26
Suppose q = -h + 9 + 17, q = -3*h + 32. Calculate the remainder when q is divided by 7.
2
Suppose -o = 3*f - 25, 0 = -o - 0*o + 2*f. What is the remainder when 21 is divided by o?
1
Let l(q) = -q. Let a(u) = -8*u + 1. Let m(t) = a(t) + 5*l(t). Let d = 0 + 8. Calculate the remainder when m(-1) is divided by d.
6
Let u(g) = 15*g. Calculate the remainder when 88 is divided by u(1).
13
Suppose 0*w + 2*w = 28. Suppose 4*o = 38 - w. Suppose -57 = -o*t + 3*t. What is the remainder when 56 is divided by t?
18
Suppose 0 = -4*p + 2*b + 110, -4*b - 46 = -3*p + 34. Calculate the remainder when p is divided by (-8 + 5)/(3/(-15)).
13
Suppose -3*d + 2 = -5*d. Calculate the remainder when 2 - (-10 - d/(-1)) is divided by ((-3)/2)/((-3)/10).
3
Let b = 238 + -131. Let c = -21 + 48. Calculate the remainder when b is divided by c.
26
Let p = -13 + 58. What is the remainder when p is divided by 19?
7
Suppose -w = 2*w - 24. Let o = w + -5. Calculate the remainder when 3 is divided by o.
0
Let p(m) = -2*m + 7. Suppose -3*k + 336 = k. Suppose -k = 3*x - 252. What is the remainder when x is divided by p(-6)?
18
Suppose 3*w - 5 = -4*i + 5, i + 25 = 2*w. Suppose 0 = -4*z - 8 - 12. Let x = z - -11. Calculate the remainder when w is divided by x.
4
Suppose 5*m - 8*q - 45 = -4*q, -4*m + 42 = -2*q. Calculate the remainder when 23 is divided by m.
10
Suppose 4*a - 5*k = 37, 2*a - 7 = 3*a + 2*k. Suppose -a*l + 121 = 5*x - 107, -5*l - 212 = -4*x. Calculate the remainder when x is divided by 10.
8
Suppose -3*q + 0*b + 480 = 3*b, 10 = 2*b. What is the remainder when q is divided by 39?
38
Suppose z - 19 = -z - h, z + 3*h = 7. Suppose -5*r + z = -35. Calculate the remainder when 25 is divided by r.
7
Suppose 3*g - 140 = b + 160, 0 = -2*g - 3*b + 189. What is the remainder when g is divided by 20?
19
Let u(a) = 5*a - 4. Calculate the remainder when (-1 - -1) + -1 + 11 is divided by u(2).
4
Let c(i) = i**2 - 9*i + 9. Suppose 0 = -6*h + h + 10. Let s(n) = 5*n. Let v be s(h). Calculate the remainder when c(v) is divided by 7.
5
Calculate the remainder when -3 - ((-8)/4 + -28) is divided by 15.
12
Suppose -57 = -4*l + 139. Let c(r) = 24*r**2 + r. What is the remainder when l is divided by c(1)?
24
Suppose s + 11 = -4*u, -2*s + 23 = s - 2*u. Let c = 18 - 11. Suppose 4*q + c + 13 = 0, 0 = -5*a - q + 40. Calculate the remainder when a is divided by s.
4
Let a = 1 + -1. Suppose b + 7 = 4*f, -3*b + 1 = -f - a. What is the remainder when (-390)/(-18) - b/(-3) is divided by 8?
6
Suppose 0*z + 2 = z. Suppose 0 = v + z*r - 12, 2*r - 49 = -5*v + 3*r. What is the remainder when 36 is divided by v?
6
Let k = -60 - -115. Suppose k = 4*b + 19. Let i(m) = -m + 12. What is the remainder when 5 is divided by i(b)?
2
Let t(j) be the second derivative of -j**5/20 + 5*j**4/6 + 11*j**3/6 + 13*j**2/2 + 7*j. Calculate the remainder when 38 is divided by t(11).
12
Let q be 0 - (1 + -4 + 8). Let p be (0 + -1)*1 + 18. Let x = q + p. What is the remainder when 22 is divided by x?
10
Let j = -100 - -117. What is the remainder when j is divided by 5?
2
Suppose 50 = z + z. What is the remainder when z is divided by 13?
12
Let l = 35 + -20. Suppose 0 = 5*q - 138 + 3. What is the remainder when q is divided by l?
12
Let h = 24 - 19. Suppose -4*m = -0*m - 4. Calculate the remainder when h is divided by (6 + -2 + -1)*m.
2
Suppose 6 - 16 = 5*f, 0 = -d - 4*f - 4. Let x(q) = 3*q. Let m be x(7). Suppose -d*p = -m - 7. Calculate the remainder when p is divided by 2.
1
Suppose -m = v - 0*v - 10, -50 = -5*v - 4*m. Suppose 0 = 4*n - p - 4, -4*p + v = 3*n - 12. Suppose 2 = k - 2. Calculate the remainder when k is divided by n.
0
Let m = 44 + -2. Suppose g = -8*r + 5*r + m, 2*r - 39 = 3*g. What is the remainder when r is divided by 6?
3
Let y be 50*2/(-4)*-1. Suppose 41 = -s + 3*s + n, y = s + 2*n. What is the remainder when s is divided by 7?
5
Suppose 2*q = 20*q - 414. Calculate the remainder when 90 is divided by q.
21
What is the remainder when 202 is divided by 26*3*4/24*4?
46
Suppose -5*j - 16 = -86. Suppose -3*l = -2*l - j. Let h = 27 - 19. What is the remainder when l is divided by h?
6
Let r = 92 - 38. Let q = r - 5. Calculate the remainder when q is divided by 17.
15
Let s be (-2)/(-9) - (-156)/27. Let k(t) = t**2 - 5*t + 4. What is the remainder when 19 is divided by k(s)?
9
Suppose -160 = 14*u - 18*u. What is the remainder when u is divided by (9/(-3))/((-2)/14)?
19
Let z be (-3)/4 + (-31)/(-4). Suppose s - z = -2. What is the remainder when 13 is divided by s?
3
Let p = -71 + 112. Suppose -2*b + 2 = -4. Suppose b*k + 33 = 6*k. Calculate the remainder when p is divided by k.
8
Suppose 13 = -h + 3*g, 3*g - 34 = 2*h - g. Calculate the remainder when 49 is divided by (-3)/(-6) + h/(-2).
10
Suppose -4 = -2*y + 3*v + 57, 15 = -5*v. Suppose -4*i + 2*i + y = 0. Calculate the remainder when i is divided by 5.
3
Suppose 5*z = 2*z + 105. What is the remainder when z is divided by 18?
17
Suppose 0 = -5*n - d + 2*d + 510, -d + 211 = 2*n. What is the remainder when n is divided by 27?
22
Suppose -10 + 163 = 3*f. What is the remainder when f is divided by 26?
25
Suppose 0*i + 5*i - 85 = 0. Suppose p - 67 = -1. Calculate the remainder when p is divided by i.
15
Let x be 2/((-1)/((-2)/4)). Let r(i) = 36*i**3 - i**2 + i - 1. What is the remainder when r(x) is divided by 9?
8
Let l = 9 - 22. What is the remainder when 31 is divided by (3 + l/3)*-12?
15
Suppose 4*s - 143 = -5*d + 182, -4*d + 164 = 2*s. Calculate the remainder when s is divided by 41.
39
Suppose -3*g = 15, -l = 4*l + 4*g - 55. Calculate the remainder when l is divided by 4.
3
Let f = -4 - -12. What 